2 + 4*j + 4. Let h be t(n). What is the greatest common factor of h and 6?
2
Suppose 4*g = 23 + 21. Let l = 24 - g. Calculate the greatest common divisor of 26 and l.
13
Suppose -25 = -5*i + 4*x, -4*i = 3*x - 0*x - 51. Let d be 1 + -134 - (2 + -1). Let y = -35 - d. What is the highest common divisor of i and y?
9
Let x = 125 + -85. What is the highest common factor of 5 and x?
5
Let z = 29 + 16. What is the highest common factor of z and 90?
45
Let t(s) = -s**2 + 11*s - 11. Let x be t(8). Let c = 2 + x. Calculate the highest common factor of c and 10.
5
Let g be ((-1)/(-2))/(1/(-12)). Let y be -44*(g/8)/3. Calculate the greatest common divisor of y and 110.
11
Suppose 0 = -3*c - 3 - 12, 5*c + 277 = 3*k. What is the highest common factor of 12 and k?
12
Let z be (-51)/(2*(-1)/2). Calculate the greatest common divisor of z and 17.
17
Suppose 2 = -y, 4*y - 18 = 4*i - 54. Let z(o) = -o**2 - 6*o - 4. Let f be z(-6). Let b be 2/f + (-3)/(-2). What is the greatest common factor of b and i?
1
Let n = 520 - 268. What is the highest common divisor of 36 and n?
36
Let l be (-33)/22*(0 + -2) + 25. Calculate the greatest common divisor of 35 and l.
7
Let s = -38 - -54. Calculate the greatest common factor of s and 4.
4
Let f(z) be the first derivative of 16*z**3/3 + 5. Let k be f(1). What is the greatest common factor of k and 80?
16
Let s be ((-2)/(-4))/((-2)/8). Suppose 3*o - c + 11 = 33, c = 5*o - 36. Let b be ((-6)/o)/(s/42). Calculate the greatest common factor of 27 and b.
9
Let g = 36 - -24. Calculate the greatest common factor of 24 and g.
12
Let k = 19 - 8. Let x(f) = -f**2 + 13*f - 16. Let l be x(k). Calculate the greatest common divisor of l and 6.
6
Let c(p) = -p**3 + 16*p**2 - 20*p + 9. Let q be c(14). Let w = 41 - 19. Let j be w/(-4)*(-5 + 3). Calculate the greatest common divisor of j and q.
11
Let t(a) = -a**2 - 24*a + 10. Let j be t(-24). What is the highest common divisor of 160 and j?
10
Suppose 16 = 2*d + 2*g, -17 = -0*d - d - 4*g. Suppose d*z - 18 = 22. What is the greatest common factor of 4 and z?
4
Let s be (168/(-30) + 6)/(1/30). What is the highest common divisor of 18 and s?
6
Let o be ((-9)/15)/(44/(-40) + 1). Calculate the greatest common divisor of 9 and o.
3
Suppose 2*z - 4*z - 3*c + 71 = 0, 0 = -5*z - 4*c + 160. What is the highest common factor of z and 4?
4
Suppose 0 = -2*y + y + t + 38, -4*y + 136 = 4*t. Calculate the greatest common factor of 4 and y.
4
Suppose 0 = 2*v + v - 114. Suppose 0 = -3*k - c + v, 2*c - 5*c - 26 = -k. Let p be k - -1*2/(-1). Calculate the highest common factor of p and 12.
12
Let k(y) = y + 1. Let p be k(2). Suppose -3*t - 15 = -8*t. Suppose 2*x + 15 = t*x. What is the highest common factor of x and p?
3
Suppose 2*a - f + 6*f - 82 = 0, -a + 2*f + 32 = 0. What is the highest common factor of a and 4?
4
Let c(h) = -2*h**2 - 5*h - 25. Let x be c(-7). Let j = 5 + -11. Let q be (-8)/(-24) + x/j. Calculate the greatest common factor of 3 and q.
3
Let c(l) = 64*l - 12. Let m be c(2). Calculate the greatest common divisor of m and 29.
29
Let a(c) = -7*c + 3. Let w be a(2). Suppose -4 = 4*d, 0 = 3*z - d - 2*d. Let o = z - w. Calculate the highest common factor of o and 5.
5
Let l be -1 + (7 - 0/((-4)/2)). What is the highest common factor of l and 54?
6
Suppose 7*q = -8*q + 15. Calculate the greatest common divisor of q and 1.
1
Let z be (-206)/(-17) + (-16)/136. Calculate the greatest common divisor of 48 and z.
12
Let p(o) = -o**3 + 12*o**2 + 13*o + 2. Let t be p(13). Let c be t/(-8) - (-49)/4. Calculate the greatest common factor of 24 and c.
12
Suppose 5*m + 5 = -2*t, 4*m + 4 = -6*t + 2*t. Let z be ((-3)/6)/(1/(-368)). Suppose z = -t*c + c. Calculate the greatest common divisor of 23 and c.
23
Suppose 3*a - 8*a = -n + 27, 2*n + 4*a - 12 = 0. Suppose -2*h + 5*s + 24 = s, 3*h = -s + 36. Calculate the highest common divisor of h and n.
12
Suppose 4 = 3*s - 5. Let h(f) = -f + 11. Let i be h(6). Let t(z) = z**3 - 5*z**2 + 7*z - 2. Let p be t(i). What is the highest common factor of s and p?
3
Let r(i) = 0*i**2 + i**2 + 0*i**2 + i**2. Let p be r(2). What is the greatest common factor of p and 20?
4
Suppose d + 5*h - 27 = 0, 2*d = -5*h + h + 24. Let m(i) = -5*i**2 + 4*i**d + 0*i**2 - 2 + 6*i. Let c be m(5). Calculate the highest common factor of 15 and c.
3
Suppose c = 3*c - 66. Let d = c + -19. Calculate the greatest common factor of 98 and d.
14
Let l be (-3)/((-6)/(-2)) - 13. Let n be 6/21 + (-1382)/l. What is the greatest common divisor of 9 and n?
9
Suppose -6 = 5*i - 71. Let q = 11 + i. Calculate the highest common factor of q and 48.
24
Suppose -56 = -4*h + 32. Suppose 10 = 2*w, -3*w = 4*b + 20 - 123. Calculate the highest common factor of h and b.
22
Suppose -55*y + 54*y + 5 = 0. What is the highest common divisor of 90 and y?
5
Let t = -47 + 83. What is the greatest common factor of 4 and t?
4
Let c(h) = h**2 + 7*h + 8. Let j be c(-6). Suppose 3 = -j*b + 1. Let y(p) = -6*p + 1. Let m be y(b). Calculate the greatest common factor of m and 7.
7
Let w be (86 - -4)*12/10. What is the highest common factor of 6 and w?
6
Let h be (0 - 4)*(-1215)/20. Calculate the greatest common divisor of h and 27.
27
Let i = -22 - -40. Suppose -3*u + 236 - 20 = 0. What is the greatest common factor of u and i?
18
Let m be (-8)/10*(-1)/((-2)/(-60)). Calculate the greatest common factor of m and 72.
24
Let f(g) = 4 - 6*g**2 + g**3 + 1 - g + 7*g. Suppose -5*d = -3*d - 10. Let w be f(d). What is the highest common factor of w and 20?
10
Let j be ((-12)/(-5))/(6/20). Suppose 0 = 5*c + x - 445, 6*c - c - 430 = 2*x. Calculate the highest common factor of c and j.
8
Let f(n) = 5*n - 9 - 6 + 0 + 3. Let y be f(6). What is the greatest common factor of 36 and y?
18
Let z be (2 - 0) + 8 + 3. What is the highest common divisor of z and 143?
13
Suppose 35 = 2*n + 7. What is the greatest common divisor of n and 70?
14
Let g be 4/3*(-1 - -16). Let z be (8/6)/(24/180). Calculate the highest common factor of z and g.
10
Let y(d) = d**2 + 7*d + 19. Let u be y(-5). Let c = -5 + 8. What is the greatest common divisor of c and u?
3
Let s = 16 + 2. Let t = 31 + -28. Suppose -j + 52 = 5*u, -2*j + 148 = -4*u + t*u. Calculate the greatest common divisor of s and j.
18
Suppose 27 - 1 = x. Calculate the highest common divisor of 65 and x.
13
Suppose -56 = -0*d - d. Let q be 2/2*(7 + 0). What is the greatest common divisor of q and d?
7
Let c(x) = 3*x**2 + x - 1. Let b be c(-2). Let l(f) = -21*f - 6. Let y be l(-5). Calculate the greatest common factor of b and y.
9
Suppose -w - 11 = -15. What is the highest common divisor of w and 44?
4
Suppose 3*u = -2*u, -3*u = 3*m. Suppose -3*f - q + 25 = m, q + 25 = -4*q. What is the highest common divisor of 30 and f?
10
Let w = -30 - -48. What is the greatest common divisor of w and 9?
9
Suppose 22*x - 10 = 17*x. Suppose -x*u - 2*j + 28 = 0, j - 44 = u - 4*u. What is the greatest common factor of 5 and u?
5
Suppose 4*q = -20, -5*k = -3*q - 45 + 395. Suppose 171 = 3*x - 153. Let h = k + x. Calculate the greatest common factor of h and 5.
5
Let y(w) = -w + 7. Let d(m) = -m - 3. Let i be d(-9). Let r be y(i). What is the highest common factor of r and 11?
1
Let r be (-3)/12 + (-1)/(-4). Suppose r = -d - 4*d + 90. Suppose 3*u = u + d. What is the greatest common factor of u and 45?
9
Suppose 5*r - n = -66 + 196, -128 = -4*r - 4*n. Calculate the greatest common divisor of 108 and r.
27
Suppose -3 = i - 2*i. Calculate the greatest common factor of 15 and i.
3
Let n(h) = -h**3 - 4*h**2 + 6*h - 4. Let d be n(-5). Suppose m = -14 - 8. Let a = d - m. What is the greatest common divisor of 117 and a?
13
Let b(f) = -f**3 + 5*f**2 - f - 3. Suppose 6 = 3*w - 3. Let a be b(w). Let n(k) = 2*k. Let h be n(4). What is the highest common factor of a and h?
4
Suppose j + 0*j = 2*o, -4*j = -3*o. Let b be -2*(-1 - (-42)/(-4)). Suppose 3*x - 9 = j, 5*c - x - b = 3*x. What is the greatest common factor of c and 7?
7
Suppose 4*n - 16 = 24. Let r be 4*4/(16/70). Calculate the highest common divisor of r and n.
10
Let g be 1/(1 - 10/15). Calculate the highest common factor of 12 and g.
3
Suppose -2*y = 52 - 160. Let c(s) = 17*s**3 - s**2 + 4*s - 5. Let p be c(2). Calculate the highest common factor of p and y.
27
Suppose -5*v = -